hat is 1 (base 8) in base 6?
1
1000 (base 3) to base 16
1b
What is -4 (base 7) in base 4?
-10
What is 1004 (base 6) in base 9?
264
What is -1202 (base 3) in base 2?
-101111
What is -18 (base 9) in base 7?
-23
What is 23 (base 9) in base 15?
16
1d (base 15) to base 10
28
What is 2 (base 3) in base 14?
2
56 (base 8) to base 7
64
Convert 2 (base 5) to base 9.
2
-40 (base 5) to base 3
-202
Convert 11 (base 3) to base 2.
100
What is -4 (base 11) in base 10?
-4
-13 (base 5) to base 15
-8
-11 (base 13) to base 7
-20
Convert 0 (base 2) to base 16.
0
3 (base 8) to base 11
3
Convert e (base 15) to base 7.
20
-8 (base 10) to base 12
-8
Convert -43 (base 5) to base 8.
-27
-9 (base 14) to base 5
-14
Convert -1123 (base 4) to base 5.
-331
What is -3 (base 7) in base 8?
-3
Convert 332 (base 5) to base 7.
161
What is 87 (base 10) in base 14?
63
Convert -c (base 16) to base 9.
-13
Convert -13 (base 8) to base 14.
-b
Convert 1 (base 5) to base 2.
1
-3 (base 10) to base 13
-3
Convert -3 (base 8) to base 7.
-3
Convert -10 (base 2) to base 3.
-2
Convert 1 (base 15) to base 8.
1
Convert 41 (base 11) to base 13.
36
What is 1100000 (base 2) in base 10?
96
-33 (base 4) to base 6
-23
Convert 0 (base 11) to base 9.
0
50 (base 6) to base 5
110
Convert 4 (base 6) to base 15.
4
Convert 27 (base 15) to base 10.
37
What is 42 (base 6) in base 9?
28
Convert -11 (base 4) to base 14.
-5
-12 (base 3) to base 14
-5
What is -25 (base 9) in base 8?
-27
Convert 1b (base 15) to base 16.
1a
Convert -8 (base 11) to base 7.
-11
3 (base 14) to base 11
3
Convert -16 (base 8) to base 11.
-13
Convert 4 (base 14) to base 11.
4
Convert -1 (base 11) to base 6.
-1
12 (base 6) to base 13
8
Convert -50 (base 8) to base 4.
-220
-6 (base 12) to base 9
-6
118 (base 15) to base 6
1052
What is 0 (base 10) in base 4?
0
What is 11 (base 2) in base 4?
3
6 (base 16) to base 11
6
Convert -276 (base 9) to base 5.
-1411
Convert 25 (base 12) to base 14.
21
-8 (base 15) to base 14
-8
Convert 111 (base 3) to base 7.
16
Convert -3 (base 4) to base 2.
-11
Convert 1 (base 4) to base 8.
1
Convert 1 (base 15) to base 8.
1
Convert 0 (base 8) to base 6.
0
-10010 (base 2) to base 9
-20
Convert -36 (base 12) to base 15.
-2c
-91 (base 15) to base 8
-210
What is 0 (base 5) in base 4?
0
25 (base 15) to base 9
38
Convert -12 (base 7) to base 13.
-9
Convert -5 (base 10) to base 15.
-5
21 (base 11) to base 7
32
55 (base 7) to base 9
44
What is 2 (base 11) in base 6?
2
-43 (base 13) to base 7
-106
-11000 (base 2) to base 14
-1a
What is -103 (base 5) in base 7?
-40
Convert 7 (base 15) to base 6.
11
Convert 2222 (base 3) to base 5.
310
42 (base 5) to base 6
34
Convert a (base 14) to base 3.
101
10 (base 4) to base 5
4
Convert 1102 (base 3) to base 12.
32
-1 (base 10) to base 13
-1
What is 103 (base 10) in base 3?
10211
32 (base 4) to base 2
1110
Convert 0 (base 5) to base 13.
0
-1120 (base 4) to base 2
-1011000
Convert 16 (base 11) to base 5.
32
What is 1 (base 7) in base 6?
1
Convert 145 (base 9) to base 7.
233
Convert -15 (base 6) to base 13.
-b
What is -5 (base 16) in base 4?
-11
What is 25 (base 11) in base 13?
21
-15 (base 13) to base 8
-22
Convert 100001101 (base 2) to base 5.
2034
Convert -115 (base 10) to base 9.
-137
Convert 10122 (base 3) to base 9.
118
Convert 1 (base 15) to base 11.
1
What is -ce (base 15) in base 14?
-dc
Convert -21 (base 3) to base 4.
-13
Convert 4 (base 9) to base 2.
100
What is -1 (base 14) in base 13?
-1
What is -40 (base 13) in base 12?
-44
Convert 112 (base 6) to base 13.
35
-2303 (base 4) to base 2
-10110011
What is -4 (base 6) in base 9?
-4
What is 2 (base 12) in base 8?
2
What is 13 (base 6) in base 11?
9
What is -31 (base 8) in base 10?
-25
Convert -34 (base 5) to base 10.
-19
-2 (base 8) to base 10
-2
Convert 4 (base 15) to base 10.
4
What is 12 (base 3) in base 13?
5
11 (base 2) to base 7
3
2 (base 15) to base 9
2
What is -109 (base 14) in base 11?
-177
What is 212 (base 4) in base 13?
2c
What is -1102 (base 3) in base 12?
-32
What is -4 (base 7) in base 6?
-4
Convert 0 (base 5) to base 15.
0
What is 48 (base 16) in base 9?
80
6 (base 8) to base 4
12
What is -6 (base 15) in base 8?
-6
Convert -b (base 15) to base 8.
-13
Convert -14 (base 9) to base 6.
-21
Convert 9 (base 13) to base 10.
9
Convert 5 (base 8) to base 7.
5
-75 (base 11) to base 14
-5c
Convert 204 (base 5) to base 14.
3c
-6 (base 7) to base 10
-6
What is 23 (base 9) in base 6?
33
Convert -198 (base 11) to base 2.
-11100100
-a (base 14) to base 3
-101
31 (base 14) to base 5
133
What is -9 (base 12) in base 6?
-13
What is -5 (base 13) in base 4?
-11
-22 (base 3) to base 6
-12
Convert -111000 (base 2) to base 7.
-110
Convert -5 (base 12) to base 2.
-101
What is -7 (base 12) in base 6?
-11
2 (base 10) to base 14
2
Convert 70 (base 15) to base 12.
89
-4 (base 15) to base 12
-4
-112 (base 3) to base 5
-24
a5 (base 12) to base 8
175
Convert -11110 (base 3) to base 16.
-78
11 (base 16) to base 12
15
Convert -83 (base 13) to base 15.
-72
Convert -1 (base 5) to base 7.
-1
20 (base 10) to base 3
202
Convert -3 (base 14) to base 2.
-11
What is -8 (base 13) in base 4?
-20
Convert -46 (base 15) to base 3.
-2110
Convert 20 (base 16) to base 7.
44
What is -63 (base 7) in base 14?
-33
What is 3 (base 13) in base 9?
3
What is 78 (base 12) in base 7?
161
Convert -4 (base 9) to base 13.
-4
What is -20 (base 5) in base 12?
-a
Convert -404 (base 5) to base 9.
-125
Convert -7 (base 13) to base 7.
-10
Convert 6 (base 7) to base 5.
11
Convert 10 (base 3) to base 8.
3
What is -14 (base 12) in base 3?
-121
Convert 1 (base 5) to base 14.
1
Convert 7 (base 9) to base 7.
10
What is -10 (base 6) in base 5?
-11
-1 (base 4) to base 12
-1
Convert 11100 (base 3) to base 2.
1110101
-10 (base 2) to base 8
-2
Convert 20 (base 7) to base 2.
1110
101 (base 2) to base 5
10
-3 (base 4) to base 8
-3
Convert -d (base 14) to base 6.
-21
Convert -16 (base 10) to base 4.
-100
Convert -31 (base 14) to base 9.
-47
What is -11 (base 4) in base 5?
-10
-c0 (base 15) to base 13
-10b
Convert -51 (base 8) to base 2.
-101001
Convert 169 (base 10) to base 14.
c1
233 (base 9) to base 14
da
1 (base 5) to base 10
1
What is 11 (base 9) in base 12?
a
100111 (base 2) to base 14
2b
2 (base 10) to base 9
2
-87 (base 14) to base 12
-9b
-6 (base 7) to base 12
-6
-101 (base 5) to base 14
-1c
-4 (base 12) to base 10
-4
Convert 0 (base 3) to base 8.
0
Convert -61 (base 14) to base 9.
-104
What is 1 (base 8) in base 9?
1
106 (base 9) to base 16
57
Convert 127 (base 16) to base 6.
1211
What is -126 (base 8) in base 14?
-62
2 (base 15) to base 3
2
What is 10 (base 3) in base 7?
3
-9 (base 14) to base 11
-9
-526 (base 7) to base 9
-324
What is 14 (base 5) in base 7?
12
111 (base 2) to base 7
10
1 (base 14) to base 15
1
Convert -13 (base 10) to base 11.
-12
16 (base 9) to base 8
17
What is 5 (base 16) in base 2?
101
Convert 101 (base 2) to base 16.
5
What is -7 (base 9) in base 3?
-21
Convert -100 (base 2) to base 15.
-4
-40 (base 6) to base 5
-44
Convert -23 (base 15) to base 12.
-29
-100 (base 2) to base 8
-4
What is -2 (base 11) in base 4?
-2
What is -334 (base 11) in base 8?
-620
What is -37 (base 12) in base 5?
-133
4 (base 5) to base 6
4
3 (base 12) to base 16
3
2 (base 16) to base 9
2
What is 21 (base 5) in base 7?
14
-1202 (base 3) to base 8
-57
Convert -5 (base 14) to base 4.
-11
Convert -11 (base 11) to base 4.
-30
-4 (base 13) to base 15
-4
What is 153 (base 6) in base 10?
69
-2103 (base 5) to base 6
-1142
What is 25 (base 6) in base 10?
17
Convert 21 (base 3) to base 16.
7
Convert -3 (base 11) to base 3.
-10
What is -4 (base 14) in base 5?
-4
1 (base 16) to base 9
1
-1 (base 11) to base 2
-1
-33 (base 14) to base 3
-1200
Convert -3 (base 16) to base 14.
-3
What is 23 (base 12) in base 13?
21
What is -2 (base 5) in base 11?
-2
2 (base 12) to base 16
2
What is -57 (base 9) in base 12?
-44
-11 (base 12) to base 11
-12
What is 16 (base 7) in base 13?
10
51 (base 7) to base 10
36
Convert 7 (base 9) to base 13.
7
Convert 110 (base 2) to base 6.
10
What is -1 (base 2) in base 15?
-1
Convert 12 (base 3) to base 16.
5
11 (base 2) to base 10
3
100 (base 3) to base 9
10
What is -12 (base 10) in base 16?
-c
What is -3 (base 10) in base 6?
-3
2 (base 13) to base 10
2
What is 90 (base 12) in bas